{"id":68,"date":"2015-05-18T21:11:43","date_gmt":"2015-05-18T19:11:43","guid":{"rendered":"http:\/\/selma.lu\/?page_id=68"},"modified":"2015-07-23T11:32:57","modified_gmt":"2015-07-23T09:32:57","slug":"b-invention","status":"publish","type":"page","link":"http:\/\/selma.lu\/?page_id=68","title":{"rendered":"Selma &#038; B invention"},"content":{"rendered":"<p style=\"text-align: justify;\"><a href=\"https:\/\/i0.wp.com\/selma.lu\/wp-content\/uploads\/phila-collage.jpg\"><img data-recalc-dims=\"1\" loading=\"lazy\" decoding=\"async\" data-attachment-id=\"192\" data-permalink=\"http:\/\/selma.lu\/?attachment_id=192#main\" data-orig-file=\"https:\/\/i0.wp.com\/selma.lu\/wp-content\/uploads\/phila-collage.jpg?fit=500%2C247\" data-orig-size=\"500,247\" data-comments-opened=\"1\" data-image-meta=\"{&quot;aperture&quot;:&quot;0&quot;,&quot;credit&quot;:&quot;&quot;,&quot;camera&quot;:&quot;&quot;,&quot;caption&quot;:&quot;&quot;,&quot;created_timestamp&quot;:&quot;0&quot;,&quot;copyright&quot;:&quot;&quot;,&quot;focal_length&quot;:&quot;0&quot;,&quot;iso&quot;:&quot;0&quot;,&quot;shutter_speed&quot;:&quot;0&quot;,&quot;title&quot;:&quot;&quot;,&quot;orientation&quot;:&quot;0&quot;}\" data-image-title=\"Aidez moi cover pic\" data-image-description=\"\" data-image-caption=\"\" data-medium-file=\"https:\/\/i0.wp.com\/selma.lu\/wp-content\/uploads\/phila-collage.jpg?fit=300%2C148\" data-large-file=\"https:\/\/i0.wp.com\/selma.lu\/wp-content\/uploads\/phila-collage.jpg?fit=500%2C247\" class=\" size-medium wp-image-192 alignleft\" src=\"https:\/\/i0.wp.com\/selma.lu\/wp-content\/uploads\/phila-collage.jpg?resize=300%2C148\" alt=\"Aidez moi cover pic\" width=\"300\" height=\"148\" srcset=\"https:\/\/i0.wp.com\/selma.lu\/wp-content\/uploads\/phila-collage.jpg?resize=300%2C148 300w, https:\/\/i0.wp.com\/selma.lu\/wp-content\/uploads\/phila-collage.jpg?w=500 500w\" sizes=\"auto, (max-width: 300px) 100vw, 300px\" \/><\/a>Between 2002 and 2008 I was trying to express myself in my own musical way in the four (or even five) languages I am faced with every day. I guess I just wanted to point out the good and bad sides of it. The song &#8220;Aidez-\u00admoi, j&#8217;ai un accent!&#8221; (translated as &#8220;Help, I have an accent!&#8221;) talks about this problem. I wrote it in a total panic, and was uneasy about it, fearing that people might not understand what I sing about because of my accent. In the same album I also interpret Luxembourgish and Bosnian poetry, setting to music the verses of, among others, Ren\u00e9 Kartheiser, Auguste Liesch, Paul P\u00fctz, Aleksa \u0160anti\u0107, Hamza Humo&#8230;<\/p>\n<p style=\"text-align: justify;\">For this second album I partly wrote texts by myself, and again I was with Selma \u0106imi\u0107, who embellished all my songs with her beautiful voice. This CD marked the beginning of a new friendship and musical collaboration with <a href=\"http:\/\/sergiorodriguess.wix.com\/music\" target=\"_blank\">Sergio Rodrigues<\/a>. And this album, as well as the first one, was recorded partly in Mostar (Bosnia and Herzegovina). Most of the recordings were done in Luxembourg, in studio &#8220;MUSIKAND&#8221;.<\/p>\n<p style=\"text-align: justify;\"><iframe loading=\"lazy\" width=\"100%\" height=\"300\" scrolling=\"no\" frameborder=\"no\" src=\"https:\/\/w.soundcloud.com\/player\/?url=https%3A%2F%2Fapi.soundcloud.com%2Fplaylists%2F110367757&auto_play=false&hide_related=false&visual=true&show_comments=true&color=false&show_user=true&show_reposts=false\"><\/iframe><\/p>\n<p style=\"text-align: justify;\"><iframe loading=\"lazy\" width=\"100%\" height=\"300\" scrolling=\"no\" frameborder=\"no\" src=\"https:\/\/w.soundcloud.com\/player\/?url=https%3A%2F%2Fapi.soundcloud.com%2Fplaylists%2F110585166&auto_play=false&hide_related=false&visual=true&show_comments=true&color=false&show_user=true&show_reposts=false\"><\/iframe><\/p>\n","protected":false},"excerpt":{"rendered":"<p>Between 2002 and 2008 I was trying to express myself in my own musical way in the four (or even five) languages I am faced with every day. I guess I just wanted to point out the good and bad sides of it. The song &#8220;Aidez-\u00admoi, j&#8217;ai un accent!&#8221; (translated as &#8220;Help, I have an &#8230; <a title=\"Selma &#038; B invention\" class=\"read-more\" href=\"http:\/\/selma.lu\/?page_id=68\" aria-label=\"Read more about Selma &#038; B invention\">Read more<\/a><\/p>\n","protected":false},"author":1,"featured_media":0,"parent":41,"menu_order":2,"comment_status":"closed","ping_status":"closed","template":"","meta":{"advanced_seo_description":"","jetpack_seo_html_title":"","jetpack_seo_noindex":false,"generate_page_header":"","footnotes":""},"class_list":["post-68","page","type-page","status-publish"],"jetpack_shortlink":"https:\/\/wp.me\/P6cXBx-16","jetpack_sharing_enabled":true,"_links":{"self":[{"href":"http:\/\/selma.lu\/index.php?rest_route=\/wp\/v2\/pages\/68","targetHints":{"allow":["GET"]}}],"collection":[{"href":"http:\/\/selma.lu\/index.php?rest_route=\/wp\/v2\/pages"}],"about":[{"href":"http:\/\/selma.lu\/index.php?rest_route=\/wp\/v2\/types\/page"}],"author":[{"embeddable":true,"href":"http:\/\/selma.lu\/index.php?rest_route=\/wp\/v2\/users\/1"}],"replies":[{"embeddable":true,"href":"http:\/\/selma.lu\/index.php?rest_route=%2Fwp%2Fv2%2Fcomments&post=68"}],"version-history":[{"count":11,"href":"http:\/\/selma.lu\/index.php?rest_route=\/wp\/v2\/pages\/68\/revisions"}],"predecessor-version":[{"id":495,"href":"http:\/\/selma.lu\/index.php?rest_route=\/wp\/v2\/pages\/68\/revisions\/495"}],"up":[{"embeddable":true,"href":"http:\/\/selma.lu\/index.php?rest_route=\/wp\/v2\/pages\/41"}],"wp:attachment":[{"href":"http:\/\/selma.lu\/index.php?rest_route=%2Fwp%2Fv2%2Fmedia&parent=68"}],"curies":[{"name":"wp","href":"https:\/\/api.w.org\/{rel}","templated":true}]}}